 -x. Suppose 2*j + 1 = 2*n - 1, 2*j + 3*n = x. Suppose j = 3*g + 3. Let y(q) = -5*q**3 - 1. Determine y(g).
4
Suppose z + 3*b = b - 9, -2*z - b - 9 = 0. Let v(h) = -h**3 - 5*h**2 - 3*h + 4. What is v(z)?
-5
Suppose 0 = -4*u + 2 + 14. Suppose -3*j = -u*j. Let h(o) = o**2 - 11. Let s(x) = -x**2 + 10. Let g(v) = 4*h(v) + 5*s(v). What is g(j)?
6
Let i(l) = -2*l**3 + l**2 + 6*l + 5. Let t(h) = -h**3 + 3*h + 3. Let z(a) = 3*i(a) - 5*t(a). Let n be z(4). Let c(f) = 3 - 5 - f + 0. Calculate c(n).
2
Let g(c) = c**3 + c - 1. Let i(r) = -3*r**3 - 5*r**2 - 12*r + 10. Let a(n) = 4*g(n) + i(n). Suppose v = 3*u - 3, -2*v = 3*v - 5*u - 15. What is a(v)?
-6
Let o(c) = c**3 - 4*c**2 - 7*c + 6. Let a be 12/((45/6)/(-5)). Let r = a - -12. Let b be -1 + r*(-3)/(-2). What is o(b)?
-4
Let k(h) be the third derivative of h**4/2 - h**3/6 - h**2. Let l be (6/4)/((-1)/6). Let t be 0*3/l - -1. Calculate k(t).
11
Let x(l) = 4*l**3 - 2*l**2 + 1. Suppose 0 = 9*v - 14 - 4. Give x(v).
25
Let x be (-3)/(-6)*(-16 + 0). Let m(r) = -r**3 - 7*r**2 + 10*r + 8. Calculate m(x).
-8
Let m(b) = -3*b**3 - 9*b**2 - 5*b. Let y(p) = p**3 + p**2 - 1. Let t(i) = m(i) + 2*y(i). What is t(-6)?
-8
Let k(t) = -t**2 - 2*t + 5. Let g(j) = j**2 + j - 4. Let r(f) = -4*g(f) - 3*k(f). Calculate r(3).
-2
Let i(j) be the third derivative of 7*j**5/60 - j**4/24 + j**3/6 + j**2. Let a = 291 + -290. Calculate i(a).
7
Let q(z) be the second derivative of -1/12*z**4 + 0*z**3 + 0 - 4*z**2 - 2*z. What is q(0)?
-8
Let q(s) = 5*s - 1. Let j(l) = 6*l - 2. Let p(g) = 4*j(g) - 5*q(g). Suppose -6*b = -10*b - 4*m - 4, -4*b - m + 8 = 0. Determine p(b).
-6
Suppose -3*w - 9 = -4*w - 5*u, 5*w - 5*u = -45. Let g(x) = x**2 + 6*x + 6. Give g(w).
6
Let y(z) be the third derivative of z**4/24 - z**3/6 + 5*z**2. What is y(-5)?
-6
Let i(j) = -2*j + 2. Let x(h) be the second derivative of h**3/6 + h**2/2 + 4*h. Let d be x(3). Calculate i(d).
-6
Suppose -27 = 5*p + 3*b, 3*p + 20 = -3*b - 1. Let l(n) = n - 1. Calculate l(p).
-4
Let u(q) = -28*q - 1 + 20*q + 2 + q**2. Give u(8).
1
Suppose -3*b - 3 = -0. Let h(t) be the first derivative of 4*t**2 - t + 2. Give h(b).
-9
Let a be (-3 + (-20)/(-6))*6. Let c(l) = -1 + 3*l**a - 3*l**2 - 2*l**2 + l**2. Give c(-3).
-10
Let q = -6 + 10. Let j be (-14)/(-4) - 2/q. Suppose 7*z + 8 = j*z. Let n(b) = -b**2 - 4*b + 1. Give n(z).
5
Let g(d) = d**3 + 7*d**2 + 7*d + 4. Suppose -7*v = -3*v + 24. What is g(v)?
-2
Let w = -13 + 18. Suppose -3*m - 8 = -2*x + 4, 0 = -x - 4*m - 5. Let f(n) = n**2 - 6*n**x + 2*n**3 - w + 5*n**3 + n. Determine f(0).
-5
Let u = -17 - -22. Let q(z) = -5*z**3 + 5*z + 4*z**3 - 3*z - u*z + 2*z**2. Give q(2).
-6
Let j(c) = -c**3 + 4*c**2 + 5*c + 3. Let o be j(5). Let d(k) = -2 + 0 + 4*k - o. Give d(4).
11
Let s(r) be the third derivative of r**8/20160 - r**7/720 - r**6/720 + r**5/30 - 2*r**2. Let n(o) be the third derivative of s(o). Determine n(5).
-11
Let d(l) = -l**3 - 7*l**2 - 7*l - 8. Let n be d(-6). Let u be 2/2*(-2)/n. Let o(i) = i - u - i + i. Calculate o(-4).
-5
Let s(g) be the second derivative of 3*g + 3/2*g**3 + 0 + 1/2*g**2. What is s(1)?
10
Let f(d) = -3*d + 3. Let n = -7 + 8. Suppose 5*u - 19 = n. Calculate f(u).
-9
Suppose y + 3 = 2*y. Let s(u) = -u**3 + 3*u**2 + 3*u - 3. What is s(y)?
6
Let b(r) be the third derivative of r**6/720 - r**5/40 + r**4/6 + 2*r**2. Let f(o) be the second derivative of b(o). Calculate f(5).
2
Let a(d) be the second derivative of d**3 + 3*d. Determine a(1).
6
Let l(s) = s. Let r(i) be the third derivative of -i**6/120 + i**5/6 - 5*i**4/12 + i**3/2 + 8*i**2. Let t be r(9). Give l(t).
-6
Let k(w) be the third derivative of 1/2*w**3 + 1/30*w**5 - 1/12*w**4 - 1/60*w**6 + 0 + 0*w - 4*w**2. Give k(2).
-9
Let n(y) be the second derivative of y**5/20 - y**4/6 - y**3/3 + y**2/2 + 4*y. Let h(f) = f**2 + f - 4. Suppose -9 = -2*u + 5*u. Let c be h(u). Calculate n(c).
-3
Let n = 8 + -6. Let k(c) = 0*c - n + 4*c - 3*c. Give k(-5).
-7
Let d(o) = -o**2 - 1. Let j(r) = r**2. Let u(i) = -d(i) - 4*j(i). Determine u(-1).
-2
Suppose -x + 6 = 5. Let v(r) be the third derivative of r**4/12 + r**3/6 + r**2. Give v(x).
3
Let z be -6 - 0/(2 + -1). Let x be (-2)/(-6) - 14/6. Let l be x/z + 5/3. Let q(o) = o. Determine q(l).
2
Let c(l) = l**2 - 5*l + 3. Suppose 5*t - 2*u - 8 = t, t - 3*u - 2 = 0. Suppose 2*x = -t*x. Suppose z + x = 5. Give c(z).
3
Let o(d) = 0*d - 2*d + 0*d - d. Let u be 24/16 + 11/(-2). Calculate o(u).
12
Let y(j) be the first derivative of 0*j + 2 + 0*j**2 + 1/4*j**4 + 1/30*j**5 - j**3. Let m(h) be the third derivative of y(h). What is m(-4)?
-10
Let z = 14 - 6. Let o = 3 - z. Let p(u) = 1 + 17*u**3 + 3*u**2 - 7*u - 3 - 16*u**3 + u**2. Calculate p(o).
8
Suppose 0 = 2*j - 5*j + 6. Suppose -j*b + 5*b = 6. Let n(g) = -2*g**2 + g - 5. Let x(z) = -z**2 + z - 4. Let r(m) = 3*n(m) - 4*x(m). Determine r(b).
-9
Let k(p) = 3*p**3 - 28*p**2 + 7*p + 16. Let f(i) = -i**3 + 9*i**2 - 3*i - 5. Let r(z) = -7*f(z) - 2*k(z). Give r(6).
9
Let t(i) = 5*i**3 - 6*i**3 + 4 - 2*i**2 + i - 2*i**2. Let r = -9 + 5. Let q be r/(3/6*2). Give t(q).
0
Let v(c) = -4*c**3 + 6*c**2 + c + 14. Let y(p) = p**3 - p**2. Let f = -3 - -2. Let t(h) = f*v(h) - 5*y(h). Calculate t(0).
-14
Let u be 1 - (2 + -2) - 6. Let b = -5 - u. Let w(n) = n + 1. Calculate w(b).
1
Let o be (-3 + -1 + 1)*(-2)/(-6). Let g(s) = -12*s**2 - 2*s - 1. Determine g(o).
-11
Let t(q) = 0*q**3 - 4*q**3 + q**2 + 1 + 3*q**3 - 2. Let m be t(2). Let p = 3 + m. Let s(i) = i**2 + 4*i + 3. Determine s(p).
-1
Let l be 4*(2 - 3/6). Let r(a) = -11*a**3 - 7*a**2 + 4*a + 17. Let b(v) = 5*v**3 + 3*v**2 - 2*v - 8. Let d(c) = l*r(c) + 13*b(c). What is d(-2)?
-2
Let u be 6/27 + (-14)/(-18). Let r be -1*15/6*-2. Suppose 3*s = -4*t - 12, -2*t - u - r = 0. Let c(h) = h**3 + h**2 - h + 4. What is c(s)?
4
Let n = 21 + -9. Suppose -2 = 3*z + 19. Let a = z + n. Let v(l) = -l**3 + 5*l**2 + 6. What is v(a)?
6
Let k(g) = 2*g - 6. Let c(v) = -v**3 + v**2 - 6. Let l be c(0). Let q(m) be the third derivative of -m**4/12 - 7*m**3/6 + 4*m**2. Let w be q(l). What is k(w)?
4
Let w be (9 + 0)/(-3) - 2. Let n(c) = c**3 + 9*c**2 - 10*c + 3. Let i(a) = a**3 + 8*a**2 - 9*a + 3. Let v(f) = w*n(f) + 6*i(f). What is v(-4)?
3
Let k(l) = l**3 + 2*l**2 - 4*l. Let a be k(-3). Let s(x) = -4*x - 4 - a*x + 5*x. Determine s(-5).
6
Let k(x) = 5*x - 2*x - x**2 - x - 1. Let s = 4 + -3. What is k(s)?
0
Let i(k) = 1 + 5*k - 3 - 3*k. What is i(5)?
8
Suppose 4*w - 28 = 2*k + 2*k, 5*w + k = 35. Let p(f) = -3*f - 4*f - 3*f + w*f. Determine p(-3).
9
Let z = -33 + 32. Let t(l) = 5*l**3 - 2*l**2 + l - 1. Let g(h) = -10*h**3 + 4*h**2 - 3*h + 2. Let b(k) = -3*g(k) - 7*t(k). Give b(z).
6
Suppose -c + y = 4*y - 43, -16 = 4*y. Suppose 0*g + 4*f = 5*g + c, -5*f = -g - 32. Let v be 2/g + (-46)/(-14). Let j(l) = l - 6. Calculate j(v).
-3
Let f(s) = -s**3 + 6*s**2 + 1. Let p be f(6). Let i = p + 2. Let a(m) = 4 + 0*m - 3*m - 3*m + 0*m + m**2. Calculate a(i).
-5
Let i(n) be the second derivative of -n**4/12 - 7*n**2/2 + 12*n. Suppose 2*o = 4*o. What is i(o)?
-7
Let d(x) = -7*x**2 + 2*x + 9. Let k(w) = -3*w**2 + w + 5. Let n(u) = 2*d(u) - 5*k(u). Let q be (-1 - -1)/(-2 - 0). Give n(q).
-7
Let n(q) = -q**2 + q. Let i(z) = -4*z**2 + 6*z - 2. Let w(f) = i(f) - 5*n(f). What is w(-2)?
0
Suppose 2*g = 7*g - 3*t - 27, -3*g + 2*t + 16 = 0. Let u(f) = 2*f - 4. Calculate u(g).
8
Let y(g) be the second derivative of -g**5/20 + g**4/4 + g**3/2 - 5*g**2/2 + g. Let n be (0 + -6)/(-2) - -1. What is y(n)?
-9
Let u = 2 - 0. Let w = -2 + 2. Let z(x) = x + w*x + 2*x. What is z(u)?
6
Let w(v) be the first derivative of -v**2/2 + 2*v - 15. Give w(7).
-5
Let z(w) = 3*w**3 - w**2 + 1. Let g be 8/(-60) - (-274)/30. Let n = 10 - g. Calculate z(n).
3
Let w(f) = -2*f + 3. Suppose 2*n + 9 = -n. Calculate w(n).
9
Let t(c) = -c**3 + 3*c**2 + 5*c - 5. Suppose -j - 3*o + 11 = 0, 10*j + 3*o = 5*j + 55. Suppose -2*z - 3 = -j. What is t(z)?
-1
Let x(u) = -u**3 - u**2 + 3. Let c(r) = 1. Let s(v) = 6*c(v) - x(v). Let g be s(0). Let a(y) = -y**3 + 0 - g*y**2 + 4 - 1 + 2*y**3 - 3*y. What is a(3)?
-6
Let s be 0/1*(-1)/(-2). Let y = s + 0. Let h(a) = a**3 + 5. Calculate h(y).
5
Suppose 0*p - 22 = 5*p - 4*z, 10 = p + 4*z. Let d(h) be the third derivative of -h**5/30 - h**4/24 + h**3/3 - h**2. What is d(p)?
-4
Let s(y) = -2*